. Let l = 30 + r. List the prime factors of l.
19
Suppose 8 = 4*n - 28. List the prime factors of n.
3
Let f(z) = -9*z**3 - z**2 - z. Let m be f(-1). Let d = m - -6. List the prime factors of d.
3, 5
Let q = 3 - -6. Let v = 14 + q. List the prime factors of v.
23
Let o = 6 - -2. Let w = o - -16. What are the prime factors of w?
2, 3
Let t(o) = 3*o**2 - 6*o + 8. Let y be t(6). Suppose -5*c - 2*a = -193, 3*c - c - y = 2*a. What are the prime factors of c?
3, 13
Suppose -7 = -m - 3*d + 12, -132 = -4*m + 2*d. List the prime factors of m.
31
Suppose 5*j - 20 = 0, -3*j + 2 = -2*q - 2. What are the prime factors of q?
2
Let z = -58 - -97. What are the prime factors of z?
3, 13
Let x(l) = -l**2 - 4*l. Let h be x(3). Let r = -10 - h. List the prime factors of r.
11
Let w = 0 - 0. Suppose w = -3*x + 4*x - 12. Let q = x - 0. What are the prime factors of q?
2, 3
Suppose -m = f - 0*f - 44, -f - 34 = -m. What are the prime factors of m?
3, 13
Suppose 13 = 2*q + b, 2*q + q = 4*b + 36. Let y = q - 3. List the prime factors of y.
5
Suppose j + 199 = 3*j + 5*v, -4*j - v + 407 = 0. List the prime factors of j.
2, 3, 17
Suppose -p = 11 - 19. Suppose 0 = -2*t + 34 + 4. Let w = t - p. List the prime factors of w.
11
Suppose 0 = 5*b + 2*u - 4, -5*u - 23 = -4*b - 0*u. Suppose b*c = 2 - 4. List the prime factors of (-11 - c)*(-2)/2.
2, 5
Let j(m) = 6*m**3 + 4*m - 4. What are the prime factors of j(2)?
2, 13
Let m = -2 + -8. Let j = m - -4. Let i = j + 8. List the prime factors of i.
2
Suppose l = -c + 100, -120 = -l + 4*c - c. List the prime factors of l.
3, 5, 7
Suppose 0 = 4*u - 3*u. Let j = 4 - u. What are the prime factors of j?
2
Suppose -3*w + 8*w - 10 = 0. List the prime factors of 178/10 - w/(-10).
2, 3
Suppose -65 = -5*o + 3*q, 29 = 4*o + 3*q - 23. Suppose o = -n + 48. Suppose 3*c = -2*c + n. What are the prime factors of c?
7
Suppose -2*p - i + 123 = 0, 5*p + i - 330 = 3*i. What are the prime factors of p?
2
Let l = 63 - 30. Suppose 2*p = p + l. Suppose 4*x - 33 = -3*q + 11, -q - 5*x = -p. What are the prime factors of q?
2
Let t be (3*(2 + -1))/1. Suppose 0 = 5*n - 0*i + 4*i - 26, 5*n - t*i - 33 = 0. List the prime factors of n.
2, 3
Let l = -34 - -56. List the prime factors of l.
2, 11
Let s = -29 - -202. List the prime factors of s.
173
Suppose f - 2 = -x - 0*f, 0 = -f - 3. Suppose 2*n - 23 = -x*r, r - 1 + 0 = 0. List the prime factors of (-2)/(-6) - (-60)/n.
7
Let b(a) be the first derivative of a**3/3 + a**2/2 - 1. Let p(u) = u - 1. Let x be p(-3). What are the prime factors of b(x)?
2, 3
Suppose 2*v + 16 = 3*k, -2*v + k - 4 = 4*k. Let n = -10 - v. List the prime factors of (-360)/(-25) - (-2)/n.
2, 7
Suppose -235 = -3*i - 52. What are the prime factors of i?
61
Let n = 0 + 6. List the prime factors of n.
2, 3
Suppose -7*g + 140 = -3*g. List the prime factors of g.
5, 7
Let c(z) be the third derivative of 1/20*z**5 - 1/12*z**4 + 1/120*z**6 + 0*z + 0 - 1/2*z**3 + z**2. List the prime factors of c(-3).
3
Let q(h) = -3*h**2 + 66*h + 12. List the prime factors of q(20).
2, 3, 11
Let a(c) = -c**2 + 4*c + 1. Let k be a(2). Suppose 3 = k*l - 17. Suppose 28 = l*r - 8. List the prime factors of r.
3
Let b(k) = 4 + 10*k + 2 - k**2 + 0*k**2. Let s be b(6). Let i = -18 + s. List the prime factors of i.
2, 3
Let j = -48 - -93. Let k = j + -29. List the prime factors of k.
2
Let b(v) = -103*v - 1. What are the prime factors of b(-1)?
2, 3, 17
Let o = 7 - 4. Suppose -o*p + 2*w = -2*p - 13, -13 = -p + 4*w. What are the prime factors of p?
13
Let q = -29 + 59. Let f = -21 + q. What are the prime factors of f?
3
List the prime factors of (1 + -4)*3712/(-87).
2
Suppose -m + 2*m + 6 = -3*k, -2*k + 5*m + 13 = 0. Let h(q) = q + 5. Let t be h(-5). List the prime factors of k - (1 + t)*-8.
7
Let n = -12 - -19. List the prime factors of n.
7
What are the prime factors of 2/((-4)/(-32)*2)?
2
Suppose 5*t - 720 = -p, -4*p + 214 = 3*t - 201. What are the prime factors of t?
5, 29
Suppose 3*d - 5*p = -2*d + 1020, 647 = 3*d + 4*p. List the prime factors of d.
11, 19
Suppose 2 = i - 3*g + 12, -4 = -g. Suppose i*c + 6 = c - 2*d, 5*c - 3*d = 22. Suppose 4*j - 22 = c*j. List the prime factors of j.
11
Suppose 2*p - 64 = 22. Let q = -25 + p. List the prime factors of q.
2, 3
Let d(o) be the second derivative of -o**5/10 - o**4/3 + o**3/6 - o**2/2 + o. List the prime factors of d(-3).
2, 7
Let s = -3 - -14. What are the prime factors of -3*s*(-2)/3?
2, 11
What are the prime factors of (-2)/1 + (67 - -23)?
2, 11
Let j(d) = -d**3 - 6*d**2 + 7*d - 106. Let y(b) = -b**2 + b - 1. Let u(a) = -j(a) + 6*y(a). Let m be u(0). List the prime factors of 6/(-21) + m/7.
2, 7
Suppose 2*m = 2*x - 14, -3*x + 4*m = -0*m - 25. Suppose 61 = x*l + 5*h, h - 70 = l - 5*l. List the prime factors of l.
17
Let n be (2 - 3)*-1 - -14. Suppose -2*z - n = 3*z. List the prime factors of (z/(-9) - 1)*-3.
2
Suppose 0 = 2*s - 6*s + 592. Suppose 5*p - 100 = 2*p - 2*n, n = 4*p - s. List the prime factors of p.
2, 3
Suppose y - 2*l = 2*y - 119, -4*y + l + 467 = 0. Let t = y + -49. Suppose -5*s + t = 23. What are the prime factors of s?
3
Let o = 97 + -42. List the prime factors of o.
5, 11
Let l(z) = -19*z + 1. What are the prime factors of l(-1)?
2, 5
Let f = -5 + 10. Suppose 0 = -3*c + f*c - 10. What are the prime factors of c?
5
Suppose 3*c - 64 = -5*d, 4*c + d = -68 + 159. List the prime factors of c.
23
Let p(b) be the third derivative of 1/6*b**3 + 0*b - 5/12*b**4 + 2*b**2 + 0. What are the prime factors of p(-1)?
11
Let u(n) = 6*n**2 - n - 4. List the prime factors of u(-2).
2, 11
Let v = -5 + 5. Suppose v = 2*o - 22. List the prime factors of o.
11
Let a(s) = 4*s + 32. List the prime factors of a(14).
2, 11
Let w = 27 + -17. Let o(i) = -i**2 + 9*i + 14. Let g be o(w). Suppose 2*v - g = 3*v, -j + 5*v + 28 = 0. What are the prime factors of j?
2
Suppose 0 = d - 1 - 2. Let c be 1 + d - 1 - 1. List the prime factors of (c - -1)/((-2)/(-10)).
3, 5
Let q be 17/5 + (-6)/15. Suppose r - 34 = -4*k + 12, -q*k + 2*r + 29 = 0. What are the prime factors of k?
11
Let l(y) = y**3 + 3*y**2 + 2. Let z(g) = 4*g**3 + 1. Suppose 3*n = -1 - 2. Let v be z(n). List the prime factors of l(v).
2
List the prime factors of 4 - (2 + -4 + -30).
2, 3
Let w(o) = -o**3 + 4*o**2 + 6*o + 5. Let r be w(5). Suppose -r = 2*c - 7*c. What are the prime factors of ((-4)/5)/(c/(-5))?
2
What are the prime factors of 18/(-5)*15*-1?
2, 3
Let h = 0 - -3. Let z(v) = 4*v - 1. What are the prime factors of z(h)?
11
Let c be 1/(-3) + (-160)/(-12). Suppose 5*b = 2 + c. What are the prime factors of b?
3
Let v(s) = s**2 - 4*s - 3. List the prime factors of v(6).
3
Let q(f) = 2*f**2 + 2*f + 174. What are the prime factors of q(0)?
2, 3, 29
What are the prime factors of -1 + (-6 + 220)/(1 - -1)?
2, 53
Let o = 78 + -37. What are the prime factors of o?
41
Let p(l) = -5*l - 4. Let o(h) = -9*h - 8. Let n(q) = -6*o(q) + 11*p(q). Let x be n(0). Suppose -x*u - 24 = -64. List the prime factors of u.
2, 5
Let a = 295 - 123. List the prime factors of a.
2, 43
List the prime factors of ((-1)/(-1) + -2)*(-14 + -143).
157
Suppose 6*v = 2*v + 368. What are the prime factors of v?
2, 23
Suppose 10 = 4*k - 2*q - 0*q, 0 = -3*k - 3*q + 21. Suppose -i + 28 = k*u, -11 = -4*u + i + 9. What are the prime factors of u?
2, 3
Let b = -15 + 9. Let j(z) = -3*z + 1. What are the prime factors of j(b)?
19
Let r(c) = -c + 9. Let u = -5 - 5. Let v = 14 + u. What are the prime factors of r(v)?
5
Suppose -84 = -4*u - h - 3*h, 3*u - 47 = h. Let p = 33 - u. List the prime factors of p.
2
Let x be 3 + 3/(-3) + 2. Suppose -x*j = 10 - 42. List the prime factors of j.
2
Let f be 2 + -33 + (-1)/(-1). Let z be (-12)/f - 496/(-10). Suppose 0 = -v - 3*t + 24, 4*t - z - 2 = -3*v. List the prime factors of v.
2, 3
Suppose -i = -5*x - 2*i + 480, x - 96 = i. List the prime factors of x.
2, 3
Let k = 3 + -5. Let s be (-3)/1 - k - -3. Suppose -s*u - 3*u = -50. What are the prime factors of u?
2, 5
Suppose -2*g = -g + 3. Let v = g + 6. Suppose -2*q + 3*u + v = 3*q, 5*u = 5*q + 5. What are the prime factors of q?
3
Let i = 641 - 372. List the prime factors of i.
269
Let h(m) = -m**2 - 16*m - 15. Let i be h(-14). Let c = 27 - i. What are the prime factors of c?
2, 7
Let r = -27 - -12. Let d = 55 - 28. Let g = d +